7028. What is the ten thousands digit of j?
6
Let b = -380 + 261. Let j = 124 + b. Suppose -179 = j*f - 1174. What is the units digit of f?
9
Let j = -18921 + 48121. What is the tens digit of j?
0
Let x(r) = -r**3 + 3*r**2 + 8*r - 10. Let c be x(4). Let u(t) = 3*t**3 - 5*t**2 - 11*t - 11. What is the tens digit of u(c)?
9
Suppose -8*k = -10*k + 3*p - 9049, 22650 = -5*k + 2*p. Let g be 3/((-12)/k) - (0 - 1). Suppose 0 = w + 5*w - g. What is the units digit of w?
9
Let a(t) = -t**3 + 5*t**2 + 8*t - 8. Let l be a(6). Let k be l/(-10)*-10 - -273. Suppose 0 = 5*z - k - 88. What is the units digit of z?
3
Let r(j) = 99*j + 712. What is the units digit of r(27)?
5
Let r be 7/(4 + (-212)/52). Let o = r - -87. What is the tens digit of o/18 + 1804/18?
0
Let z = -48 + 50. Let u(p) = -p + 4. Let c be u(z). Suppose 0 = -c*i - 4*i + 402. What is the units digit of i?
7
Let f(k) = 80*k**2 + 127*k + 2064. What is the hundreds digit of f(-15)?
1
Let j(k) be the third derivative of k**4/24 - 3*k**3/2 - 26*k**2. Let c be j(5). Let h = 27 - c. What is the tens digit of h?
3
Suppose 6 = 7*f + 41. Let h(o) = 39*o + 24. Let g(c) = -37*c - 24. Let t(a) = f*g(a) - 6*h(a). What is the hundreds digit of t(-6)?
2
Suppose 82*o - 509330 = 20*o. What is the thousands digit of o?
8
What is the hundreds digit of (45/(-60))/((-220551)/(-55140) - 4)?
5
Let n(c) = -422*c + 1507. What is the hundreds digit of n(-77)?
0
Suppose -13*z + 9*z = -4*f - 2364, -1180 = -2*z + 4*f. Suppose 616 = q + 3*q + 5*o, o + z = 4*q. What is the tens digit of q?
4
Let y(t) = t**3 - 7*t**2 - 9*t + 4. Let o be y(8). Let c be (2/2)/(((-10)/o)/5). Suppose 0*q = 4*w + c*q - 184, 0 = 3*q + 6. What is the tens digit of w?
4
What is the tens digit of (5592 + 6)/(57/76)?
6
Suppose -39*b + 91*b = 30*b + 219912. What is the tens digit of b?
9
Let d be (72 - 5)*(-3 + 24). Suppose -5*u = 3*j - d, -509 = -3*u + 2*j + 320. What is the tens digit of u?
7
Let n = 42 - 48. Let q = n - -8. Suppose 2*i + 170 = q*v, -5*i = 5*v - 7*v + 161. What is the units digit of v?
8
Suppose 15*k + 10*h = 13*k + 12000, 18038 = 3*k - 4*h. What is the thousands digit of k?
6
Suppose 2*n + n = 108. Let w = 274 - n. What is the hundreds digit of w?
2
Let h be (-1)/((-15)/3789) - (-6)/15. Suppose 2*y + 4*l - 61 = h, 464 = 3*y - l. Suppose y = 4*k - 213. What is the units digit of k?
2
Let l(j) be the second derivative of -j**5/20 + 11*j**4/12 + 3*j**3/2 + 2*j**2 - 2*j. Let d be l(13). What is the tens digit of (3 + -4)/(2/(d + 3))?
0
Suppose -389 - 595 = -3*t. Suppose -3*b = -b - t. Suppose -6*u = b - 506. What is the units digit of u?
7
Suppose 5*y + 3*m = 4*m - 2994, y + 578 = -5*m. Let q = 157 - y. What is the hundreds digit of q?
7
Let d = 47 - 44. Suppose -d*p = -p - 4. What is the units digit of (-1)/((8/p)/(-28))?
7
What is the tens digit of (-25)/15 + 1888688/48?
4
Let o = 6431 + -2704. What is the units digit of o?
7
Let g(o) = 3*o - 106. Let n be g(33). Let u(z) = -z**3 - 7*z**2 - 7*z - 15. What is the units digit of u(n)?
4
Let z(i) = 3*i**2 - 13*i - 54. Let t(p) = -14*p**2 + 52*p + 216. Let g(c) = -2*t(c) - 9*z(c). What is the tens digit of g(-19)?
6
Let s = 113 - 104. Let r(u) = s*u**2 - 12 + 5*u**2 + 11*u - 13*u**2 - u. What is the tens digit of r(-13)?
2
Suppose n - 2*n + 5 = 0. Suppose -6 = -r - 2*z, -z - 2*z = n*r - 16. Suppose 3*a + 2*f - f - 86 = 0, r*f = -5*a + 142. What is the units digit of a?
0
What is the ten thousands digit of ((-10)/4 - -4)/(31838/31836 - 1)?
2
Suppose 2*m - 5*g = 32, m - 4 = 3*m + 4*g. Let q be -1*2089/(-6) + (-1)/m. Suppose q = 23*r - 17*r. What is the units digit of r?
8
Let y be (-2)/(6/15) - -5. Suppose 5*f - 3451 + 540 = 3*w, -f - 5*w + 599 = y. What is the hundreds digit of f?
5
Suppose -2*k - 5*k = 0. Suppose k = -8*y + 5541 - 1525. What is the tens digit of y?
0
Let r = 390 + -405. What is the thousands digit of (-2)/r - (-2 - (-77690)/(-75))?
1
Suppose -b - 20 = 4*b, -4*v + b + 60 = 0. Suppose 6*u - 3000 = -v*u. What is the units digit of u?
0
Suppose 5*v + 9*v - 1652 = 0. Suppose 2255 = 5*z + w, -359 = -z + 5*w + v. What is the tens digit of z?
5
Suppose -s = t + 1, s + 8 = -3*s - 5*t. Let p be (-4)/(-6) - (s + 21/(-9)). Suppose p = 5*x - 438 + 18. What is the tens digit of x?
8
Let q = 519 + -508. Suppose 5*k = 209 + q. What is the tens digit of k?
4
Let v = -321 + 324. Suppose -2*d - 750 - 2025 = -3*a, d = -v*a + 2775. What is the units digit of a?
5
Let x be ((-317)/2 + 2)/((-11)/66). Suppose 0 = -7*z + 10*z - 4*u - x, 2*u = -5*z + 1565. What is the tens digit of z?
1
Let h(c) = -284*c + 13. Let w(b) = -851*b + 39. Let d(t) = 8*h(t) - 3*w(t). What is the hundreds digit of d(1)?
2
What is the tens digit of (-13842)/30*-10 + 5?
1
Let g = -91 - -91. Suppose u + 16*u - 68 = g. Suppose -w - 144 = -5*w - u*l, -l = -3*w + 124. What is the tens digit of w?
4
Let v = 698 + 23. Suppose -6*q + v + 293 = 0. What is the tens digit of (-2)/13 + 11180/q?
6
Let m = -13036 + 33240. What is the hundreds digit of m?
2
Suppose -z - 5*z + 72 = 0. Suppose 15*o = z*o + 81. Let i = o + 43. What is the units digit of i?
0
Let j = -38 + 38. Suppose -3 + j = -3*y, -2*t - 3 = -y. Let x = t + 217. What is the units digit of x?
6
Let h(f) = f**3 - 2*f**2 + 17*f - 16. What is the thousands digit of h(15)?
3
Suppose 115*j - 870 = 114820. What is the thousands digit of j?
1
Let m(t) = 3*t**2 + 12*t - 11. Let j be m(-7). Let l = j - -43. What is the units digit of l?
5
Suppose 4*v = 30*z - 28*z + 48152, -5*v = -2*z - 60190. What is the tens digit of v?
3
Let p = -35208 - -53369. What is the tens digit of p?
6
Let k = 444 - 909. Let l = -252 - k. What is the units digit of l?
3
Suppose -129*b = -131*b + 8400. Suppose 2*z - b = -6*z. What is the units digit of z?
5
Let y be (-12680)/(-30) + (-10)/15. Suppose -5*j + 123 + y = 0. What is the units digit of j?
9
Let m be 43/2 + (-8)/16. Let y = 23 - m. Suppose y*l - 809 = -2*v - 3*v, 3*l = -5*v + 811. What is the hundreds digit of v?
1
Let k be -5 - (64/(-28) + (-4)/(-14)). Let w be (614/(-3))/(2/k) - -3. Suppose 0 = -0*q - 5*q + w. What is the tens digit of q?
6
Let c = 10761 + 28891. What is the tens digit of c?
5
Suppose 22*n = 3*j + 23*n - 168173, 0 = -j + 4*n + 56023. What is the thousands digit of j?
6
Suppose -3*o = y + 14, 2*y + 15 + 8 = -5*o. What is the hundreds digit of -877*-1*y/3*3?
8
Suppose 1254597 = 136*t - 611459. What is the ten thousands digit of t?
1
Let y(g) = -12*g + 22 + 26 - 7 + 0. Let h be y(-17). Suppose 2*c + h = 7*c. What is the units digit of c?
9
What is the tens digit of 6/4*(3/(-18) + 614601/102)?
3
Suppose -908137 = -182*j - 29259. What is the units digit of j?
9
Suppose 980 = 52*y - 32*y. Let b = 828 + y. What is the hundreds digit of b?
8
Let x(f) = 8*f**3 - f**2 + f - 4. Let w = 56 + -50. Let d(n) = 9*n**3 - n**2 + 2*n - 4. Let q(s) = w*x(s) - 5*d(s). What is the units digit of q(4)?
6
Let t = -62738 - -135605. What is the tens digit of t?
6
Suppose -29 = 6*m + 205. Let p be (1 - (-17)/(-3))/((-2)/m). Let r = p + 179. What is the tens digit of r?
8
Let k(j) = 5174*j - 934. What is the tens digit of k(2)?
1
Suppose 0 = 17*n - 15*n + 116. Let j = -54 - n. Suppose -3*w = j*w - 581. What is the units digit of w?
3
Let r(b) = -9*b**3 + 2*b**2 - 18*b + 6. Let w(s) = 2*s**3 + s**2 + s. Let l(o) = r(o) + 4*w(o). What is the hundreds digit of l(-7)?
7
Let o be (-4 - -10) + 0/1. Suppose -12*f + 23 + 1 = 0. Suppose -o*g - f*g = -424. What is the tens digit of g?
5
Let y(w) = w**3 + 50*w**2 - 37*w - 111. What is the ten thousands digit of y(-32)?
1
Let v(u) = -u**3 - 38*u**2 + 36*u + 46. Let b be v(-41). Suppose -59*h + b = -61346. What is the hundreds digit of h?
1
Let f(t) = 4*t**2 - 5*t + 6. Let c be f(9). Let i(g) = -12*g + 45. Let p be i(0). Suppose 3*b + 5*v - c = 0, p = -b - v + 138. What is the units digit of b?
0
Suppose 4*f + 2*g - 9118 = 0, -1792*f = -1791*f + 5*g - 2311. What is the units digit of f?
6
Let k = -37 + 49. Suppose k*l = 13*l - 82. What is the tens digit of l - 3*(-4)/3?
8
Suppose 478*a - 242*a - 213*a - 722821 = 0. What is the ten thousands digit of a?
3
Suppose 34*s - 3219970 = -118*s + 22*s. What is the units digit of s?
9
Suppose -4*q - 2*s = -208404, 2*q - 40*s - 104196 = -44*s. What is the hundreds digit of q?